 + -1 + 9 + 70
66
Calculate -380 + 388 - (0 + -92).
100
Evaluate 37 - (-310 - -417 - (-2 + 14)).
-58
What is the value of -18 - (23 + -5 + -91 + 24)?
31
Calculate (-12 - -2) + (-10 + 6 - 6 - -9) - 6.
-17
Evaluate (4 + -46 - -54) + -32.
-20
Calculate -82 - (-6 + 217 + -152).
-141
Calculate -9 + 121 - (5 - -3 - 19).
123
((-14 - -1) + (13 - 9) - 5) + 14
0
What is (-7 - (4 - 25)) + -18 + 2?
-2
Evaluate 16 + 1 + -11 + 44 + -33.
17
-99 + (81 - (188 + -123))
-83
(-7 - -1) + 39 + 67
100
What is the value of 282 + -278 - (-1 - -31)?
-26
Evaluate -18 + 6 + -13 + 3 + (-23 - -114).
69
Calculate 9 - (8 - (73 + -2 - ((6 - 12) + 6))).
72
Calculate -10 - (-28 - (7 - (30 - 14) - 2)).
7
Evaluate -2 + 3 - (-9 + 27) - (20 + -2).
-35
Evaluate 6 + 9 + 10 + 28 + -6.
47
Evaluate (-10 - (-7 + -45)) + 1 - 19.
24
What is the value of 64 + 0 + 79 + -77 + (2 - 4) + -1?
63
Calculate (-48 - -16) + (15 - -37).
20
-174 + 117 + 116 + (-41 - -2)
20
What is 5 + -2 + -5 + -48 + (277 - 277)?
-50
(-1 - 11 - 5) + -25 + 22
-20
What is (118 - 258 - -30) + 8?
-102
(-6 - -1) + 44 + 3 + (-64 - -23) - -29
30
Calculate -96 - -96 - (15 - (0 + 4 + -1 + -1)).
-13
12 - (-8 + (-3 - 7) - 15)
45
What is (19 - (63 - 23)) + 11 - -24?
14
8 + -11 + -45 + 28
-20
What is the value of (-63 - (-26 - 46)) + 15 + (2 - 0)?
26
-23 - (15 - 0 - (-51 + 26))
-63
Calculate -136 - ((5 - 54) + (131 - 134)).
-84
What is the value of 166 + -126 - (-1 - -51)?
-10
What is the value of -124 - (68 + -106) - -60?
-26
What is (-1589 - -1636) + -3 + -12?
32
What is the value of -9 - (-15 - 8) - 61?
-47
66 - (-42 - -18) - (14 - 7)
83
Evaluate (117 - 76) + (46 - 21).
66
(50 - (51 - 38)) + -16
21
Calculate -19 + 8 - ((7 - 27 - 9) + -4 + 13).
9
Evaluate 27 + -7 + 789 + -748.
61
What is -21 + (-3 + -13 - (-61 + 48)) + -31?
-55
Calculate 3 + -29 + -8 + -4 - (16 + (13 - 35)).
-32
What is the value of 87 + (51 - (17 + 87))?
34
0 + (-1 - -1) - (-1045 + 1045)
0
20 - (-55 + -19 + 55)
39
What is 1150 + -1083 - (-5 + 24 - 6)?
54
Evaluate 26 + -52 + 29 + -30.
-27
What is the value of (31 - -5) + -543 + 498?
-9
What is 72 - ((-1 - -23) + -61 + (101 - 50))?
60
-58 + 0 - (1201 + -1305)
46
-47 + (6 - -39) - (-58 + -2 - (3 + -5))
56
Calculate (-2762 - -2709) + 0 + 84.
31
What is the value of 23 - (16 - -5 - (17 - 68))?
-49
(-1509 - -1536) + (-2 - 107)
-82
What is the value of 44 + (-48 - 7) + 50?
39
1 - 11 - (-11 - (-2 - (-2 + 21 - 15)))
-5
-11 + (0 - -14 - 9) - ((6 - 7) + 46)
-51
What is the value of 65 - 27 - 10 - 36?
-8
What is the value of -986 + 975 + 0 + -2 + 25 - -26?
38
What is the value of 1 + (-25 - (-13 - 7) - (0 + 40) - 1)?
-45
What is the value of -1 - 6 - (15 + 3 - (46 + -35) - 0)?
-14
(-8 - -31 - -97) + -94
26
What is -2 + -33 + (-2 - 1) + 1370 + -1361?
-29
Evaluate 15 + 88 + -34 + -43.
26
34 - (94 + 10 + -27)
-43
What is -28 - (8 + 5 + -8 + 4 - 0)?
-37
What is the value of (2 - -70 - (46 - 39)) + -21?
44
(-38 - -50) + -1 + 1 + (8 - 8)
12
What is the value of -18 + 0 + 15 - (5 + -8 + 10)?
-10
What is the value of ((-6 + -1 - 5) + 21 + -24 - 26) + 3?
-38
-34 + (24 - (12 + 3 - -1))
-26
(41 + 39 - 69) + 61
72
What is the value of (-74 - -60) + (23 - 10) + 23 + 0?
22
Calculate -27 - (-33 - -54) - -22.
-26
What is the value of -75 - -1 - ((252 - 682) + 446)?
-90
What is the value of 0 - -17 - 52 - 19?
-54
11 - (8 + -26 - -2 - (-9 + -142))
-124
(-23 - (-6 - 47)) + -83
-53
Evaluate 29 - 8 - (-87 + 59).
49
What is the value of 4 + 11 + -13 - -15 - (2 - 7 - -1)?
21
What is -3303 + 3413 - (13 + -6)?
103
Evaluate (-50 - -1) + 761 + -746 + -2 + 12 - 9.
-33
What is the value of (-1 + (9 - 3) - (-162 - -143)) + 18?
42
What is the value of -1 + 1 + 10 - (5504 + -5376) - (-7 - 5)?
-106
What is the value of 9 - -25 - 12 - 16?
6
What is the value of -15 + (0 - -2 - 3 - (-96 + 89))?
-9
10 - (3 + (72 - 5))
-60
What is the value of 0 + 7 + (-12 - 11 - 16) + 0?
-32
Calculate (-10825 - -10895) + 0 + -8 + -2.
60
Evaluate -1632 + 1587 - (-20 + 2 + 0).
-27
What is the value of -66 + 44 + 70 + 4 + 6 - 1?
57
Calculate 50 + (-2 - -1) - (9 + 53 + -64).
51
Evaluate (1 - 0 - 2) + 19 + -8 + (805 - 737).
78
126 + -46 + -28 + 8
60
What is (435 - 220 - 207) + (-73 + -1 - -3)?
-63
What is (76 - (61 - 13)) + 20?
48
What is the value of 63 - 22 - (-250 - -230)?
61
Calculate -19 - ((14 - (1 + 4) - 12) + 29 + -16).
-29
Evaluate (-9 - 2) + (-8 - (-13 + 13 + -12)).
-7
Evaluate (0 - -8) + (-52 - (-83 + 17)) - -1.
23
(11 + 0 - (-2 - -24)) + (44 - -2) + 7
42
What is the value of (-1 - -22) + -25 + 73 + -20?
49
Calculate 11 + -32 - (379 - 475).
75
Evaluate -9 + 2 - (0 - 12 - 1 - 21).
27
Calculate 1 + 20 + -10 + (-15 - -6) + 2 + 24.
28
628 - 607 - (2 + 18)
1
What is the value of 0 - (-17 + (-6 - -3) + -40 + 23)?
37
27 - (32 - 32) - 24 - (68 + 0)
-65
Calculate (-14 - (-81 - -109)) + -24.
-66
Calculate 3 + (4 - ((12 - 3) + -1)) - 66.
-67
Calculate (-295 - -283) + (0 - 28 - -2 - 5).
-43
Evaluate 107 + 2 + (-11 - 1 - ((147 - 45) + -103)).
98
Evaluate 1 + (2 - 1) - (15 - ((-3 - -18) + -54)).
-52
What is (-23 - -30 - 13) + -6 - 56?
-68
Calculate 87 + -65 + (-29 - -1) - 25.
-31
Calculate 1 + 13 - ((-188 - -335) + -171 + 96 + 0).
-58
-8 - ((24 - 38) + 14) - 30
-38
Evaluate 19 - (2 - (-11 + -11)) - (0 - -49).
-54
Evaluate 12 + (-200 - (-158 - -103)).
-133
What is the value of -17 - (2 + (15 - 8) + -11)?
-15
What is the value of 7 - -70 - 8 - (2 + -8 + 5)?
70
What is -16 + (44 - (-12 + 29 + 107))?
-96
-12 - -8 - -8 - 16 - (-22 + -4)
14
What is 1 + -47 + 49 + 1?
4
Evaluate 961 + -1026 + 64 + 1.
0
What is 31 - (-24 + 14 + 26) - -22?
37
-24 + (50 - (-58 - -66))
18
Evaluate -30 - (7 + -33) - (2 - 3 - (4 - 2)).
-1
Evaluate 42 + -1 + -3629 + 3656.
68
What is (4 - 30) + (7 - (4 - 41))?
18
(-9 - (-41 - -36)) + (88 - 1)
83
What is the value of 4 - (-47 + 118 + -30)?
-37
Calculate -5 + (28 - 29) + 6.
0
Evaluate (-24 - -12) + 0 + (-1 - -64) + 33 + -36.
48
21 + (31 + -5 - 33) + -8
6
Calculate 11 + (-3 - (-6 + 0)) + -6 - (1 - 31).
38
What is -106 + (3 - -6 - (5 + 7 + 4 - 20))?
-93
Calculate -24 + -39 + 22 - -2 - 92.
-131
Evaluate -4 + (265 - 262 - (-16 + -1)).
16
Evaluate 57 - ((-34 - 38) + 76).
53
What is the value of 84 - 83 - (9 + (-78 - -3) - -3)?
64
What is 21 + 1 - (-324 + 485) - (11 + -5 - -1)?
-146
What is the value of 12 + -19 + -15 + 19?
-3
What is the value of (49 - 64) + 102 - 54?
33
Calculate -1812 + 1825 + (-2 - (0 + 33)).
-22
Evaluate 14 + (33 - (85 - 70)).
32
Calculate 1 + -16 - (6 - (-76 - (-92 - -62))).
-67
Evaluate 20 + -61 + 76 + (-8 - 1).
26
Calculate (-15 - -11) + ((-6 - (-7 + 8)) + -26 - 4).
-41
What is the value of -96 + 54 + 80 + -71 + 0?
-33
Evaluate -23 - (-28 - -23) - 34.
-52
What is the value of -17 - (-4 + -5 + 41) - (-8 + 0)?
-41
40 + -17 + (-3 - 3) + -91 + 126
52
Evaluate -6 + -2 + (17 + -4 + 7 - 12).
0
(2 - 0 - 14) + -46 + 33
-25
What is the value of 104 + -209 + 52 - -135?
82
-6 + -2 + (-10 - -3) + 11 + (14 - 50)
-40
What is -1 + (-2 - (-1 + 3)) - (513 - 511) - -64?
57
Calculate (-16 - -24) + -18 + -83 + (-1 - -15).
-79
-7 + -15 + -20 - -33 - -18
9
-15 + -11 + (-39 + 57 - (2 + 1))
-11
What is 72 + (27 - 103) - 5?
-9
Evaluate (-37 - (-8 + 3 - (89 - 76))) + (-10 - 0).
-29
What is 38 + -68 - (-29 + (-11 - -16)) - -118?
112
Evaluate (26 - (45 - 59)) + -33.
7
Evaluate (2 - -32) + (13 + 1 - (371 + -347)).
24
Evaluate 40 - (45 + 68 - 51).
-22
Calculate 7 - (2 + -26 + 12 + 1).
18
Evaluate 111 + -52 + -50 - (-45 + (-6 - -3)).
57
Calculate -84 + (46 - -49) - 104.
-93
What is -58 + 89 - 57 - 28?
-54
What is -162 + 189 + (4 - (2 + 0))?
29
-344 + 347 + (2 - (4 - -3))
-2
What is -54 + (-130 - -159 - (31 + -2))?
-54
(5 + -1 - (160 + -158)) + -4 - 14
-16
Evaluate -29 - (-7 + 11 - 1 - (-56 - -71)).
-17
-105 - (-15 - (19 - -33))
-38
What is the value of -17 + (-25 - -6) + 37 - (-2 - -49)?
-46
Evaluate 2 - (-4 + -5 - (34 - (14 - 9))).
40
Calculate (1 - 0) + -21 - (30 + 103 - 132).
-21
Calculate (147 - 99 - 50) + (2 - (6 - 2) - -18).
14
What is the value of -40 + 1 + (-258 - -325)?
28
Calculate -2 + 59 + (2 - (-5 + (11 - 11))) - 9.
55
What is the value of 33 + (-2 - 16 - -7) + 4 + 3 + -3?
26
What is 41 + (105 - 52) + -121?
-27
Calculate 17 + (32 - 27 - (0 + -2 + 19) - -12).
17
Evaluate 0 + 23 - (11 - (-24 + 13) - 21).
22
Calculate ((-6 - -2) + 7 - -8) + -4 + 4.
11
32 + -195 + 68